{"id":220,"date":"2020-01-25T19:07:05","date_gmt":"2020-01-25T19:07:05","guid":{"rendered":"https:\/\/www.gruobahof.ch\/site\/?page_id=220"},"modified":"2024-03-28T17:36:40","modified_gmt":"2024-03-28T17:36:40","slug":"unsere-tiere","status":"publish","type":"page","link":"https:\/\/www.gruobahof.ch\/site\/unsere-tiere\/","title":{"rendered":"Unsere Tiere"},"content":{"rendered":"\n<div style=\"height:20px\" aria-hidden=\"true\" class=\"wp-block-spacer\"><\/div>\n\n\n\n<h2 class=\"wp-block-heading\">Unsere Tiere<\/h2>\n\n\n\n<figure class=\"wp-block-image size-large\"><img loading=\"lazy\" decoding=\"async\" width=\"1024\" height=\"100\" src=\"https:\/\/www.gruobahof.ch\/site\/wp-content\/uploads\/2020\/05\/Top_Logo.png\" alt=\"\" class=\"wp-image-604\" srcset=\"https:\/\/www.gruobahof.ch\/site\/wp-content\/uploads\/2020\/05\/Top_Logo.png 1024w, https:\/\/www.gruobahof.ch\/site\/wp-content\/uploads\/2020\/05\/Top_Logo-400x39.png 400w, https:\/\/www.gruobahof.ch\/site\/wp-content\/uploads\/2020\/05\/Top_Logo-300x29.png 300w, https:\/\/www.gruobahof.ch\/site\/wp-content\/uploads\/2020\/05\/Top_Logo-768x75.png 768w, https:\/\/www.gruobahof.ch\/site\/wp-content\/uploads\/2020\/05\/Top_Logo-600x59.png 600w\" sizes=\"(max-width: 1024px) 100vw, 1024px\" \/><\/figure>\n\n\n\n<figure class=\"wp-block-image size-full\"><img decoding=\"async\" src=\"https:\/\/www.gruobahof.ch\/site\/wp-content\/uploads\/2020\/01\/Top_Logo.png\" alt=\"\" class=\"wp-image-351\"\/><\/figure>\n\n\n\n<p class=\"has-text-align-left\">Den gr\u00f6ssten Teil unseres Tierbestandes macht die Herde aus <a aria-label=\"Spiegelschafen (\u00f6ffnet in neuem Tab)\" href=\"https:\/\/www.prospecierara.ch\/tiere\/rassenportraets\/schafportraets\/spiegelschaf.html\" target=\"_blank\" rel=\"noreferrer noopener\">Spiegelschafen<\/a> aus: Wir halten ca. 50 Auen und zwei B\u00f6cke.  Dazu kommen etwa 50 bis 60 L\u00e4mmer, welche die Auen im Winterhalbjahr geb\u00e4ren  und die bis in den Herbst hinein mit der Herde zusammen sind. Die Herdengr\u00f6sse wird dem Futterangebot angepasst.<\/p>\n\n\n\n<figure class=\"wp-block-gallery has-nested-images columns-default is-cropped wp-block-gallery-1 is-layout-flex wp-block-gallery-is-layout-flex\">\n<figure class=\"wp-block-image size-large\"><img loading=\"lazy\" decoding=\"async\" width=\"1024\" height=\"683\" data-id=\"152\" src=\"https:\/\/www.gruobahof.ch\/site\/wp-content\/uploads\/2020\/01\/Schafe6-1024x683.jpg\" alt=\"\" class=\"wp-image-152\" srcset=\"https:\/\/www.gruobahof.ch\/site\/wp-content\/uploads\/2020\/01\/Schafe6-1024x683.jpg 1024w, https:\/\/www.gruobahof.ch\/site\/wp-content\/uploads\/2020\/01\/Schafe6-scaled-400x267.jpg 400w, https:\/\/www.gruobahof.ch\/site\/wp-content\/uploads\/2020\/01\/Schafe6-300x200.jpg 300w, https:\/\/www.gruobahof.ch\/site\/wp-content\/uploads\/2020\/01\/Schafe6-768x512.jpg 768w, https:\/\/www.gruobahof.ch\/site\/wp-content\/uploads\/2020\/01\/Schafe6-1536x1024.jpg 1536w, https:\/\/www.gruobahof.ch\/site\/wp-content\/uploads\/2020\/01\/Schafe6-2048x1366.jpg 2048w\" sizes=\"(max-width: 1024px) 100vw, 1024px\" \/><\/figure>\n\n\n\n<figure class=\"wp-block-image size-large\"><img loading=\"lazy\" decoding=\"async\" width=\"768\" height=\"1024\" data-id=\"1130\" src=\"https:\/\/www.gruobahof.ch\/site\/wp-content\/uploads\/2023\/12\/IMG_3748-768x1024.jpeg\" alt=\"\" class=\"wp-image-1130\" srcset=\"https:\/\/www.gruobahof.ch\/site\/wp-content\/uploads\/2023\/12\/IMG_3748-768x1024.jpeg 768w, https:\/\/www.gruobahof.ch\/site\/wp-content\/uploads\/2023\/12\/IMG_3748-225x300.jpeg 225w, https:\/\/www.gruobahof.ch\/site\/wp-content\/uploads\/2023\/12\/IMG_3748-1152x1536.jpeg 1152w, https:\/\/www.gruobahof.ch\/site\/wp-content\/uploads\/2023\/12\/IMG_3748-1536x2048.jpeg 1536w, https:\/\/www.gruobahof.ch\/site\/wp-content\/uploads\/2023\/12\/IMG_3748-400x533.jpeg 400w, https:\/\/www.gruobahof.ch\/site\/wp-content\/uploads\/2023\/12\/IMG_3748-scaled.jpeg 1920w\" sizes=\"(max-width: 768px) 100vw, 768px\" \/><\/figure>\n\n\n\n<figure class=\"wp-block-image size-large\"><img loading=\"lazy\" decoding=\"async\" width=\"1024\" height=\"653\" data-id=\"147\" src=\"https:\/\/www.gruobahof.ch\/site\/wp-content\/uploads\/2020\/01\/Schafe1-1024x653.jpg\" alt=\"\" class=\"wp-image-147\" srcset=\"https:\/\/www.gruobahof.ch\/site\/wp-content\/uploads\/2020\/01\/Schafe1-1024x653.jpg 1024w, https:\/\/www.gruobahof.ch\/site\/wp-content\/uploads\/2020\/01\/Schafe1-scaled-400x255.jpg 400w, https:\/\/www.gruobahof.ch\/site\/wp-content\/uploads\/2020\/01\/Schafe1-300x191.jpg 300w, https:\/\/www.gruobahof.ch\/site\/wp-content\/uploads\/2020\/01\/Schafe1-768x490.jpg 768w, https:\/\/www.gruobahof.ch\/site\/wp-content\/uploads\/2020\/01\/Schafe1-1536x979.jpg 1536w, https:\/\/www.gruobahof.ch\/site\/wp-content\/uploads\/2020\/01\/Schafe1-2048x1305.jpg 2048w\" sizes=\"(max-width: 1024px) 100vw, 1024px\" \/><\/figure>\n\n\n\n<figure class=\"wp-block-image size-large\"><img loading=\"lazy\" decoding=\"async\" width=\"1024\" height=\"768\" data-id=\"505\" src=\"https:\/\/www.gruobahof.ch\/site\/wp-content\/uploads\/2020\/04\/IMG_0486-1024x768.jpg\" alt=\"\" class=\"wp-image-505\" srcset=\"https:\/\/www.gruobahof.ch\/site\/wp-content\/uploads\/2020\/04\/IMG_0486-1024x768.jpg 1024w, https:\/\/www.gruobahof.ch\/site\/wp-content\/uploads\/2020\/04\/IMG_0486-scaled-400x300.jpg 400w, https:\/\/www.gruobahof.ch\/site\/wp-content\/uploads\/2020\/04\/IMG_0486-300x225.jpg 300w, https:\/\/www.gruobahof.ch\/site\/wp-content\/uploads\/2020\/04\/IMG_0486-768x576.jpg 768w, https:\/\/www.gruobahof.ch\/site\/wp-content\/uploads\/2020\/04\/IMG_0486-1536x1152.jpg 1536w, https:\/\/www.gruobahof.ch\/site\/wp-content\/uploads\/2020\/04\/IMG_0486-2048x1536.jpg 2048w, https:\/\/www.gruobahof.ch\/site\/wp-content\/uploads\/2020\/04\/IMG_0486-600x450.jpg 600w\" sizes=\"(max-width: 1024px) 100vw, 1024px\" \/><\/figure>\n\n\n\n<figure class=\"wp-block-image size-large\"><img loading=\"lazy\" decoding=\"async\" width=\"1024\" height=\"768\" data-id=\"491\" src=\"https:\/\/www.gruobahof.ch\/site\/wp-content\/uploads\/2020\/04\/IMG_1192-1024x768.jpeg\" alt=\"\" class=\"wp-image-491\" srcset=\"https:\/\/www.gruobahof.ch\/site\/wp-content\/uploads\/2020\/04\/IMG_1192-1024x768.jpeg 1024w, https:\/\/www.gruobahof.ch\/site\/wp-content\/uploads\/2020\/04\/IMG_1192-scaled-400x300.jpeg 400w, https:\/\/www.gruobahof.ch\/site\/wp-content\/uploads\/2020\/04\/IMG_1192-300x225.jpeg 300w, https:\/\/www.gruobahof.ch\/site\/wp-content\/uploads\/2020\/04\/IMG_1192-768x576.jpeg 768w, https:\/\/www.gruobahof.ch\/site\/wp-content\/uploads\/2020\/04\/IMG_1192-1536x1152.jpeg 1536w, https:\/\/www.gruobahof.ch\/site\/wp-content\/uploads\/2020\/04\/IMG_1192-2048x1536.jpeg 2048w, https:\/\/www.gruobahof.ch\/site\/wp-content\/uploads\/2020\/04\/IMG_1192-600x450.jpeg 600w\" sizes=\"(max-width: 1024px) 100vw, 1024px\" \/><\/figure>\n\n\n\n<figure class=\"wp-block-image size-large\"><img loading=\"lazy\" decoding=\"async\" width=\"1024\" height=\"768\" data-id=\"1131\" src=\"https:\/\/www.gruobahof.ch\/site\/wp-content\/uploads\/2023\/12\/IMG_3776-1024x768.jpeg\" alt=\"\" class=\"wp-image-1131\" srcset=\"https:\/\/www.gruobahof.ch\/site\/wp-content\/uploads\/2023\/12\/IMG_3776-1024x768.jpeg 1024w, https:\/\/www.gruobahof.ch\/site\/wp-content\/uploads\/2023\/12\/IMG_3776-300x225.jpeg 300w, https:\/\/www.gruobahof.ch\/site\/wp-content\/uploads\/2023\/12\/IMG_3776-768x576.jpeg 768w, https:\/\/www.gruobahof.ch\/site\/wp-content\/uploads\/2023\/12\/IMG_3776-1536x1152.jpeg 1536w, https:\/\/www.gruobahof.ch\/site\/wp-content\/uploads\/2023\/12\/IMG_3776-2048x1536.jpeg 2048w, https:\/\/www.gruobahof.ch\/site\/wp-content\/uploads\/2023\/12\/IMG_3776-400x300.jpeg 400w\" sizes=\"(max-width: 1024px) 100vw, 1024px\" \/><\/figure>\n<\/figure>\n\n\n\n<div style=\"height:25px\" aria-hidden=\"true\" class=\"wp-block-spacer\"><\/div>\n\n\n\n<p>Die Eier der <a rel=\"noreferrer noopener\" href=\"https:\/\/www.prospecierara.ch\/de\/tiere\/appenzeller-spitzhaubenhuhn\" target=\"_blank\">Appenzeller Spitzhaubenh\u00fchner<\/a>  sind zwar etwas kleiner als die \u00fcblichen Eier, die H\u00fchnerrasse ist  daf\u00fcr sehr gut an unser Klima angepasst und die H\u00fchner sind auch im  Winter stets draussen anzutreffen.<\/p>\n\n\n\n<figure class=\"wp-block-gallery has-nested-images columns-default is-cropped wp-block-gallery-2 is-layout-flex wp-block-gallery-is-layout-flex\">\n<figure class=\"wp-block-image size-large\"><img loading=\"lazy\" decoding=\"async\" width=\"1024\" height=\"683\" data-id=\"84\" src=\"https:\/\/www.gruobahof.ch\/site\/wp-content\/uploads\/2020\/01\/Huehner6-1024x683.jpg\" alt=\"\" class=\"wp-image-84\" srcset=\"https:\/\/www.gruobahof.ch\/site\/wp-content\/uploads\/2020\/01\/Huehner6-1024x683.jpg 1024w, https:\/\/www.gruobahof.ch\/site\/wp-content\/uploads\/2020\/01\/Huehner6-scaled-400x267.jpg 400w, https:\/\/www.gruobahof.ch\/site\/wp-content\/uploads\/2020\/01\/Huehner6-300x200.jpg 300w, https:\/\/www.gruobahof.ch\/site\/wp-content\/uploads\/2020\/01\/Huehner6-768x512.jpg 768w, https:\/\/www.gruobahof.ch\/site\/wp-content\/uploads\/2020\/01\/Huehner6-1536x1024.jpg 1536w, https:\/\/www.gruobahof.ch\/site\/wp-content\/uploads\/2020\/01\/Huehner6-2048x1365.jpg 2048w\" sizes=\"(max-width: 1024px) 100vw, 1024px\" \/><\/figure>\n\n\n\n<figure class=\"wp-block-image size-large\"><img loading=\"lazy\" decoding=\"async\" width=\"1024\" height=\"683\" data-id=\"89\" src=\"https:\/\/www.gruobahof.ch\/site\/wp-content\/uploads\/2020\/01\/Huehner11-1024x683.jpg\" alt=\"\" class=\"wp-image-89\" srcset=\"https:\/\/www.gruobahof.ch\/site\/wp-content\/uploads\/2020\/01\/Huehner11-1024x683.jpg 1024w, https:\/\/www.gruobahof.ch\/site\/wp-content\/uploads\/2020\/01\/Huehner11-scaled-400x267.jpg 400w, https:\/\/www.gruobahof.ch\/site\/wp-content\/uploads\/2020\/01\/Huehner11-300x200.jpg 300w, https:\/\/www.gruobahof.ch\/site\/wp-content\/uploads\/2020\/01\/Huehner11-768x512.jpg 768w, https:\/\/www.gruobahof.ch\/site\/wp-content\/uploads\/2020\/01\/Huehner11-1536x1024.jpg 1536w, https:\/\/www.gruobahof.ch\/site\/wp-content\/uploads\/2020\/01\/Huehner11-2048x1365.jpg 2048w\" sizes=\"(max-width: 1024px) 100vw, 1024px\" \/><\/figure>\n\n\n\n<figure class=\"wp-block-image size-large\"><img loading=\"lazy\" decoding=\"async\" width=\"1024\" height=\"683\" data-id=\"91\" src=\"https:\/\/www.gruobahof.ch\/site\/wp-content\/uploads\/2020\/01\/Huehner13-1024x683.jpg\" alt=\"\" class=\"wp-image-91\" srcset=\"https:\/\/www.gruobahof.ch\/site\/wp-content\/uploads\/2020\/01\/Huehner13-1024x683.jpg 1024w, https:\/\/www.gruobahof.ch\/site\/wp-content\/uploads\/2020\/01\/Huehner13-scaled-400x267.jpg 400w, https:\/\/www.gruobahof.ch\/site\/wp-content\/uploads\/2020\/01\/Huehner13-300x200.jpg 300w, https:\/\/www.gruobahof.ch\/site\/wp-content\/uploads\/2020\/01\/Huehner13-768x512.jpg 768w, https:\/\/www.gruobahof.ch\/site\/wp-content\/uploads\/2020\/01\/Huehner13-1536x1024.jpg 1536w, https:\/\/www.gruobahof.ch\/site\/wp-content\/uploads\/2020\/01\/Huehner13-2048x1365.jpg 2048w\" sizes=\"(max-width: 1024px) 100vw, 1024px\" \/><\/figure>\n<\/figure>\n\n\n\n<div style=\"height:25px\" aria-hidden=\"true\" class=\"wp-block-spacer\"><\/div>\n\n\n\n<p class=\"has-text-align-center\">Die etwa 15 Bienenv\u00f6lker sind ausserhalb vom Dorf in  einem Bienenhaus untergebracht.<\/p>\n\n\n\n<div class=\"wp-block-group is-layout-flow wp-block-group-is-layout-flow\"><div class=\"wp-block-group__inner-container\">\n<figure class=\"wp-block-gallery has-nested-images columns-3 is-cropped wp-block-gallery-3 is-layout-flex wp-block-gallery-is-layout-flex\">\n<figure class=\"wp-block-image size-full\"><img loading=\"lazy\" decoding=\"async\" width=\"1707\" height=\"2560\" src=\"https:\/\/www.gruobahof.ch\/site\/wp-content\/uploads\/2020\/01\/Bienenhaus4-scaled.jpg\" alt=\"\" class=\"wp-image-52\" srcset=\"https:\/\/www.gruobahof.ch\/site\/wp-content\/uploads\/2020\/01\/Bienenhaus4-scaled.jpg 1707w, https:\/\/www.gruobahof.ch\/site\/wp-content\/uploads\/2020\/01\/Bienenhaus4-scaled-400x600.jpg 400w\" sizes=\"(max-width: 1707px) 100vw, 1707px\" \/><\/figure>\n\n\n\n<figure class=\"wp-block-image size-full\"><img loading=\"lazy\" decoding=\"async\" width=\"2560\" height=\"1707\" src=\"https:\/\/www.gruobahof.ch\/site\/wp-content\/uploads\/2020\/01\/Bienenhaus1-scaled.jpg\" alt=\"\" class=\"wp-image-49\" srcset=\"https:\/\/www.gruobahof.ch\/site\/wp-content\/uploads\/2020\/01\/Bienenhaus1-scaled.jpg 2560w, https:\/\/www.gruobahof.ch\/site\/wp-content\/uploads\/2020\/01\/Bienenhaus1-scaled-400x267.jpg 400w, https:\/\/www.gruobahof.ch\/site\/wp-content\/uploads\/2020\/01\/Bienenhaus1-300x200.jpg 300w, https:\/\/www.gruobahof.ch\/site\/wp-content\/uploads\/2020\/01\/Bienenhaus1-1024x683.jpg 1024w, https:\/\/www.gruobahof.ch\/site\/wp-content\/uploads\/2020\/01\/Bienenhaus1-768x512.jpg 768w, https:\/\/www.gruobahof.ch\/site\/wp-content\/uploads\/2020\/01\/Bienenhaus1-1536x1024.jpg 1536w, https:\/\/www.gruobahof.ch\/site\/wp-content\/uploads\/2020\/01\/Bienenhaus1-2048x1366.jpg 2048w\" sizes=\"(max-width: 2560px) 100vw, 2560px\" \/><\/figure>\n\n\n\n<figure class=\"wp-block-image size-full\"><img loading=\"lazy\" decoding=\"async\" width=\"1920\" height=\"2560\" src=\"https:\/\/www.gruobahof.ch\/site\/wp-content\/uploads\/2020\/06\/IMG_1676-scaled.jpeg\" alt=\"\" class=\"wp-image-706\" srcset=\"https:\/\/www.gruobahof.ch\/site\/wp-content\/uploads\/2020\/06\/IMG_1676-scaled.jpeg 1920w, https:\/\/www.gruobahof.ch\/site\/wp-content\/uploads\/2020\/06\/IMG_1676-scaled-400x533.jpeg 400w, https:\/\/www.gruobahof.ch\/site\/wp-content\/uploads\/2020\/06\/IMG_1676-225x300.jpeg 225w, https:\/\/www.gruobahof.ch\/site\/wp-content\/uploads\/2020\/06\/IMG_1676-768x1024.jpeg 768w, https:\/\/www.gruobahof.ch\/site\/wp-content\/uploads\/2020\/06\/IMG_1676-1152x1536.jpeg 1152w, https:\/\/www.gruobahof.ch\/site\/wp-content\/uploads\/2020\/06\/IMG_1676-1536x2048.jpeg 1536w, https:\/\/www.gruobahof.ch\/site\/wp-content\/uploads\/2020\/06\/IMG_1676-600x800.jpeg 600w\" sizes=\"(max-width: 1920px) 100vw, 1920px\" \/><\/figure>\n<\/figure>\n<\/div><\/div>\n\n\n\n<p class=\"has-text-align-center\">Die Herdenschutzhunde Arthur und Leon sind im Sommer und Winter immer bei den Schafen.<\/p>\n\n\n<div class=\"wp-block-image\">\n<figure class=\"aligncenter size-large is-resized\"><img loading=\"lazy\" decoding=\"async\" width=\"768\" height=\"1024\" src=\"https:\/\/www.gruobahof.ch\/site\/wp-content\/uploads\/2023\/12\/IMG_3775-768x1024.jpeg\" alt=\"\" class=\"wp-image-1134\" style=\"aspect-ratio:1.3333333333333333;object-fit:contain;width:505px;height:auto\" srcset=\"https:\/\/www.gruobahof.ch\/site\/wp-content\/uploads\/2023\/12\/IMG_3775-768x1024.jpeg 768w, https:\/\/www.gruobahof.ch\/site\/wp-content\/uploads\/2023\/12\/IMG_3775-225x300.jpeg 225w, https:\/\/www.gruobahof.ch\/site\/wp-content\/uploads\/2023\/12\/IMG_3775-1152x1536.jpeg 1152w, https:\/\/www.gruobahof.ch\/site\/wp-content\/uploads\/2023\/12\/IMG_3775-1536x2048.jpeg 1536w, https:\/\/www.gruobahof.ch\/site\/wp-content\/uploads\/2023\/12\/IMG_3775-400x533.jpeg 400w, https:\/\/www.gruobahof.ch\/site\/wp-content\/uploads\/2023\/12\/IMG_3775-scaled.jpeg 1920w\" sizes=\"(max-width: 768px) 100vw, 768px\" \/><\/figure><\/div>\n\n\n<p><\/p>\n\n\n<div class=\"wp-block-image\">\n<figure class=\"aligncenter size-large is-resized\"><img loading=\"lazy\" decoding=\"async\" width=\"1024\" height=\"768\" src=\"https:\/\/www.gruobahof.ch\/site\/wp-content\/uploads\/2023\/12\/IMG_3741-1024x768.jpeg\" alt=\"\" class=\"wp-image-1135\" style=\"object-fit:contain;width:268px;height:auto\" srcset=\"https:\/\/www.gruobahof.ch\/site\/wp-content\/uploads\/2023\/12\/IMG_3741-1024x768.jpeg 1024w, https:\/\/www.gruobahof.ch\/site\/wp-content\/uploads\/2023\/12\/IMG_3741-300x225.jpeg 300w, https:\/\/www.gruobahof.ch\/site\/wp-content\/uploads\/2023\/12\/IMG_3741-768x576.jpeg 768w, https:\/\/www.gruobahof.ch\/site\/wp-content\/uploads\/2023\/12\/IMG_3741-1536x1152.jpeg 1536w, https:\/\/www.gruobahof.ch\/site\/wp-content\/uploads\/2023\/12\/IMG_3741-2048x1536.jpeg 2048w, https:\/\/www.gruobahof.ch\/site\/wp-content\/uploads\/2023\/12\/IMG_3741-400x300.jpeg 400w\" sizes=\"(max-width: 1024px) 100vw, 1024px\" \/><\/figure><\/div>\n\n\n<p class=\"has-text-align-center\">Der Kelpie Amigo ist der Treib und H\u00fctehund im Team<\/p>\n\n\n<div class=\"wp-block-image\">\n<figure class=\"aligncenter size-large is-resized\"><img loading=\"lazy\" decoding=\"async\" width=\"768\" height=\"1024\" src=\"https:\/\/www.gruobahof.ch\/site\/wp-content\/uploads\/2023\/12\/IMG_3616-768x1024.jpeg\" alt=\"\" class=\"wp-image-1136\" style=\"aspect-ratio:1.3333333333333333;object-fit:contain;width:408px;height:auto\" srcset=\"https:\/\/www.gruobahof.ch\/site\/wp-content\/uploads\/2023\/12\/IMG_3616-768x1024.jpeg 768w, https:\/\/www.gruobahof.ch\/site\/wp-content\/uploads\/2023\/12\/IMG_3616-225x300.jpeg 225w, https:\/\/www.gruobahof.ch\/site\/wp-content\/uploads\/2023\/12\/IMG_3616-1152x1536.jpeg 1152w, https:\/\/www.gruobahof.ch\/site\/wp-content\/uploads\/2023\/12\/IMG_3616-1536x2048.jpeg 1536w, https:\/\/www.gruobahof.ch\/site\/wp-content\/uploads\/2023\/12\/IMG_3616-400x533.jpeg 400w, https:\/\/www.gruobahof.ch\/site\/wp-content\/uploads\/2023\/12\/IMG_3616-scaled.jpeg 1920w\" sizes=\"(max-width: 768px) 100vw, 768px\" \/><\/figure><\/div>","protected":false},"excerpt":{"rendered":"<p>Unsere Tiere Den gr\u00f6ssten Teil unseres Tierbestandes macht die Herde aus Spiegelschafen aus: Wir halten ca. 50 Auen und zwei B\u00f6cke. Dazu kommen etwa 50 bis 60 L\u00e4mmer, welche die Auen im Winterhalbjahr geb\u00e4ren und die bis in den Herbst hinein mit der Herde zusammen sind. Die Herdengr\u00f6sse wird dem Futterangebot angepasst. Die Eier der [&hellip;]<\/p>\n","protected":false},"author":1,"featured_media":0,"parent":0,"menu_order":0,"comment_status":"closed","ping_status":"closed","template":"","meta":{"footnotes":""},"_links":{"self":[{"href":"https:\/\/www.gruobahof.ch\/site\/wp-json\/wp\/v2\/pages\/220"}],"collection":[{"href":"https:\/\/www.gruobahof.ch\/site\/wp-json\/wp\/v2\/pages"}],"about":[{"href":"https:\/\/www.gruobahof.ch\/site\/wp-json\/wp\/v2\/types\/page"}],"author":[{"embeddable":true,"href":"https:\/\/www.gruobahof.ch\/site\/wp-json\/wp\/v2\/users\/1"}],"replies":[{"embeddable":true,"href":"https:\/\/www.gruobahof.ch\/site\/wp-json\/wp\/v2\/comments?post=220"}],"version-history":[{"count":32,"href":"https:\/\/www.gruobahof.ch\/site\/wp-json\/wp\/v2\/pages\/220\/revisions"}],"predecessor-version":[{"id":1148,"href":"https:\/\/www.gruobahof.ch\/site\/wp-json\/wp\/v2\/pages\/220\/revisions\/1148"}],"wp:attachment":[{"href":"https:\/\/www.gruobahof.ch\/site\/wp-json\/wp\/v2\/media?parent=220"}],"curies":[{"name":"wp","href":"https:\/\/api.w.org\/{rel}","templated":true}]}}