{"id":265,"date":"2020-01-25T19:37:50","date_gmt":"2020-01-25T19:37:50","guid":{"rendered":"https:\/\/www.gruobahof.ch\/site\/?page_id=265"},"modified":"2023-03-01T06:48:49","modified_gmt":"2023-03-01T06:48:49","slug":"hofladen","status":"publish","type":"page","link":"https:\/\/www.gruobahof.ch\/site\/hofladen\/","title":{"rendered":"Hofladen"},"content":{"rendered":"\n<div style=\"height:20px\" aria-hidden=\"true\" class=\"wp-block-spacer\"><\/div>\n\n\n\n<h2 class=\"wp-block-heading\">Unser Hofladen<\/h2>\n\n\n\n<figure class=\"wp-block-image size-large\"><img loading=\"lazy\" decoding=\"async\" width=\"1024\" height=\"100\" src=\"https:\/\/www.gruobahof.ch\/site\/wp-content\/uploads\/2020\/05\/Top_Logo.png\" alt=\"\" class=\"wp-image-604\" srcset=\"https:\/\/www.gruobahof.ch\/site\/wp-content\/uploads\/2020\/05\/Top_Logo.png 1024w, https:\/\/www.gruobahof.ch\/site\/wp-content\/uploads\/2020\/05\/Top_Logo-400x39.png 400w, https:\/\/www.gruobahof.ch\/site\/wp-content\/uploads\/2020\/05\/Top_Logo-300x29.png 300w, https:\/\/www.gruobahof.ch\/site\/wp-content\/uploads\/2020\/05\/Top_Logo-768x75.png 768w, https:\/\/www.gruobahof.ch\/site\/wp-content\/uploads\/2020\/05\/Top_Logo-600x59.png 600w\" sizes=\"(max-width: 1024px) 100vw, 1024px\" \/><\/figure>\n\n\n\n<p class=\"has-text-align-center\">Im ehemaligen Schweinestall an der Obergasse 7 in Wiesen befindet sich der Hofladen.<\/p>\n\n\n\n<p class=\"has-text-align-center\">Hier k\u00f6nnen Sie in Selbstbedienung 24 Stunden lang einkaufen.<\/p>\n\n\n\n<p class=\"has-text-align-center\">Selbstverst\u00e4ndlich sind wir auch pers\u00f6nlich f\u00fcr Sie da!<\/p>\n\n\n\n<div class=\"wp-block-image\"><figure class=\"aligncenter size-large\"><img loading=\"lazy\" decoding=\"async\" width=\"1024\" height=\"768\" src=\"https:\/\/www.gruobahof.ch\/site\/wp-content\/uploads\/2021\/05\/IMG_2586-1024x768.jpg\" alt=\"\" class=\"wp-image-890\" srcset=\"https:\/\/www.gruobahof.ch\/site\/wp-content\/uploads\/2021\/05\/IMG_2586-1024x768.jpg 1024w, https:\/\/www.gruobahof.ch\/site\/wp-content\/uploads\/2021\/05\/IMG_2586-scaled-400x300.jpg 400w, https:\/\/www.gruobahof.ch\/site\/wp-content\/uploads\/2021\/05\/IMG_2586-300x225.jpg 300w, https:\/\/www.gruobahof.ch\/site\/wp-content\/uploads\/2021\/05\/IMG_2586-768x576.jpg 768w, https:\/\/www.gruobahof.ch\/site\/wp-content\/uploads\/2021\/05\/IMG_2586-1536x1152.jpg 1536w, https:\/\/www.gruobahof.ch\/site\/wp-content\/uploads\/2021\/05\/IMG_2586-2048x1536.jpg 2048w, https:\/\/www.gruobahof.ch\/site\/wp-content\/uploads\/2021\/05\/IMG_2586-600x450.jpg 600w\" sizes=\"(max-width: 1024px) 100vw, 1024px\" \/><\/figure><\/div>\n","protected":false},"excerpt":{"rendered":"<p>Unser Hofladen Im ehemaligen Schweinestall an der Obergasse 7 in Wiesen befindet sich der Hofladen. Hier k\u00f6nnen Sie in Selbstbedienung 24 Stunden lang einkaufen. Selbstverst\u00e4ndlich sind wir auch pers\u00f6nlich f\u00fcr Sie da!<\/p>\n","protected":false},"author":1,"featured_media":0,"parent":0,"menu_order":0,"comment_status":"closed","ping_status":"closed","template":"","meta":{"footnotes":""},"_links":{"self":[{"href":"https:\/\/www.gruobahof.ch\/site\/wp-json\/wp\/v2\/pages\/265"}],"collection":[{"href":"https:\/\/www.gruobahof.ch\/site\/wp-json\/wp\/v2\/pages"}],"about":[{"href":"https:\/\/www.gruobahof.ch\/site\/wp-json\/wp\/v2\/types\/page"}],"author":[{"embeddable":true,"href":"https:\/\/www.gruobahof.ch\/site\/wp-json\/wp\/v2\/users\/1"}],"replies":[{"embeddable":true,"href":"https:\/\/www.gruobahof.ch\/site\/wp-json\/wp\/v2\/comments?post=265"}],"version-history":[{"count":5,"href":"https:\/\/www.gruobahof.ch\/site\/wp-json\/wp\/v2\/pages\/265\/revisions"}],"predecessor-version":[{"id":1049,"href":"https:\/\/www.gruobahof.ch\/site\/wp-json\/wp\/v2\/pages\/265\/revisions\/1049"}],"wp:attachment":[{"href":"https:\/\/www.gruobahof.ch\/site\/wp-json\/wp\/v2\/media?parent=265"}],"curies":[{"name":"wp","href":"https:\/\/api.w.org\/{rel}","templated":true}]}}