{"id":308,"date":"2020-01-25T20:22:32","date_gmt":"2020-01-25T20:22:32","guid":{"rendered":"https:\/\/www.gruobahof.ch\/site\/?post_type=product&#038;p=308"},"modified":"2020-06-05T10:54:48","modified_gmt":"2020-06-05T10:54:48","slug":"birabrot","status":"publish","type":"product","link":"https:\/\/www.gruobahof.ch\/site\/produkt\/birabrot\/","title":{"rendered":"Birabrot"},"content":{"rendered":"","protected":false},"excerpt":{"rendered":"<p>Unser beliebtes Birnenbrot: Bio und handgemacht!<\/p>\n<p>B\u00fcndner Birnenbrot 300g.<\/p>\n<p>Zutaten:D\u00f6rrbirnen,Baumn\u00fcsse*,Sultaninen,Williams,Zucker,Weizenmehl*,Hefe,Gew\u00fcrze,Meersalz<\/p>\n","protected":false},"featured_media":55,"template":"","meta":[],"product_cat":[19],"product_tag":[],"_links":{"self":[{"href":"https:\/\/www.gruobahof.ch\/site\/wp-json\/wp\/v2\/product\/308"}],"collection":[{"href":"https:\/\/www.gruobahof.ch\/site\/wp-json\/wp\/v2\/product"}],"about":[{"href":"https:\/\/www.gruobahof.ch\/site\/wp-json\/wp\/v2\/types\/product"}],"wp:featuredmedia":[{"embeddable":true,"href":"https:\/\/www.gruobahof.ch\/site\/wp-json\/wp\/v2\/media\/55"}],"wp:attachment":[{"href":"https:\/\/www.gruobahof.ch\/site\/wp-json\/wp\/v2\/media?parent=308"}],"wp:term":[{"taxonomy":"product_cat","embeddable":true,"href":"https:\/\/www.gruobahof.ch\/site\/wp-json\/wp\/v2\/product_cat?post=308"},{"taxonomy":"product_tag","embeddable":true,"href":"https:\/\/www.gruobahof.ch\/site\/wp-json\/wp\/v2\/product_tag?post=308"}],"curies":[{"name":"wp","href":"https:\/\/api.w.org\/{rel}","templated":true}]}}